he tens digit of y?
3
Let x(n) = -n + 9. Let k be x(6). Suppose k*u - 84 = -u. What is the units digit of u?
1
Suppose o + 4*o = 1235. What is the hundreds digit of o?
2
Let s(r) = -r**2 + 8*r - 4. Let v = 18 - 12. What is the units digit of s(v)?
8
Suppose 5*w + 0*u - 95 = -u, 3*u = -w + 33. Suppose -z + w = z. Suppose z + 25 = 2*i. What is the tens digit of i?
1
Let m be (-6)/4 + (-342)/(-36). What is the tens digit of (61*-1)/(7 - m)?
6
Let j = 142 - 83. What is the units digit of j?
9
Let m(a) = a - 2. Let h be 32/(-20)*5/(-2). What is the units digit of m(h)?
2
Let v(r) = 3*r - 2. Let u be v(2). Let f be 5/(-25) - 78/(-15). Suppose 4*l - f*h = 57, u*l - 3*l - 27 = -3*h. What is the units digit of l?
8
Let x(q) be the third derivative of q**5/30 - q**4/8 + q**3/6 + 4*q**2. Let n be x(3). Let m = n + -5. What is the units digit of m?
5
Let x(i) = i**2 + 9*i - 8. What is the units digit of x(5)?
2
Let s(l) = 74*l**2 + 1. Let f be s(-1). Let w = 107 - f. Suppose 0 = -3*z + z - 3*a + w, 5*z - 3*a = 38. What is the tens digit of z?
1
Suppose 4*k + i - 75 = -2*i, 2*k = -4*i + 40. What is the tens digit of k?
1
Let a(m) be the second derivative of -2/3*m**3 + 1/12*m**4 + 0 + 2*m**2 + 2*m. What is the units digit of a(3)?
1
Suppose 2*a + 24 = -3*k + 6*k, 0 = -3*k + 3*a + 24. Suppose 0 = -5*r + k - 3. What is the units digit of (-1 + 0)*(r + -3)?
2
Let b = -1 - -3. Suppose -t - 8 = -b*t. What is the units digit of t?
8
Let a(y) be the second derivative of 4*y**3/3 + 2*y**2 + 2*y. Let d be a(6). Suppose 0 = 2*z - 6*z + d. What is the tens digit of z?
1
What is the units digit of (45/25)/(3/10)?
6
Let a(u) = 2*u**2 + 9*u + 8. Suppose 20 = 5*k, -6*t + 3*k = -t + 42. What is the units digit of a(t)?
6
Let l = -6 - -10. Let q be (6/(-9))/(l/(-66)). Suppose 5*n - 49 = q. What is the tens digit of n?
1
Let j(z) = 5*z**2 + 3*z - 7. Let y(i) = -4*i**2 - 3*i + 6. Let l(w) = -3*j(w) - 4*y(w). Suppose 4*d - 2*d = 4. What is the units digit of l(d)?
7
What is the units digit of (1 - -5)*(-84)/(-18)?
8
What is the hundreds digit of 4/16 - (-2155)/20?
1
Suppose 0 = 7*q - 137 - 227. What is the tens digit of q?
5
Let u(k) = -k**2 - 8*k - 3. Let s be u(-6). Suppose 5*d - 69 = -s. Let g = 20 - d. What is the units digit of g?
8
Let s be -1 - -2 - (0 + -169). Suppose -4*j = j - s. What is the units digit of j?
4
Let a(m) = 2*m**3 - m + 11. What is the units digit of a(0)?
1
Suppose z - 2*k = -5*k + 5, -z - 3 = -5*k. Let q(b) = b**3 - 7*b**2 - 10*b + 8. Let h be q(8). What is the units digit of ((-28)/h)/(1/z)?
7
Suppose 2*h + 5 = 3*h, 4*h - 695 = -5*c. What is the hundreds digit of c?
1
Let l(n) = 72*n**2 + 4*n + 1. What is the units digit of l(-1)?
9
Let h(x) = x**2 - 17*x - 13. What is the units digit of h(18)?
5
Let c = 38 - 12. What is the units digit of c?
6
Let p = 0 + -6. Let i(h) = -h**2 - 3*h - 1. Let m(y) = y**2 + 4*y + 2. Let v(c) = -3*i(c) - 4*m(c). What is the units digit of v(p)?
1
Suppose 3*p = p - 6, -5*f - 29 = 3*p. Let c = f - -22. What is the units digit of (24/c)/(4/6)?
2
Suppose -2*f + 0 + 6 = 0. What is the units digit of f*1 + (-3)/3?
2
Suppose -m + 2*m = -5*x - 349, 2*m = -8. Let t = x - -105. What is the tens digit of t?
3
Suppose 0*h = 4*u + 3*h + 3, 11 = 2*u - h. What is the units digit of u?
3
Suppose 2*k = -2*k + 12. Suppose -k*u = -5 - 1. What is the units digit of (u - (1 - 2)) + 0?
3
Let i(b) = b**2 + 2*b - 9. Let y be i(-3). What is the tens digit of 14/(21/y + 4)?
2
Let y(o) = o**2 - 17*o - 8. What is the units digit of y(19)?
0
Suppose -4*s - s - 5*d = -115, s + 5*d - 31 = 0. Let c = -11 + s. What is the tens digit of c?
1
Suppose -360 = -2*z - 0*z. What is the hundreds digit of z?
1
Suppose 5*a - 145 = 1035. What is the hundreds digit of a?
2
Suppose -18*m = -21*m + 468. What is the tens digit of m?
5
Suppose 2*m - 4*s + 65 = 5*m, -5*m + 5*s = -85. Suppose -7 = j - m. What is the tens digit of j?
1
Let t(w) = -w**2 + 2*w + 4. Let n be t(4). What is the units digit of (-30)/n*(-64)/(-24)?
0
Suppose -2*x - 48 = -8*x. Let f(z) be the second derivative of z**4/12 - 4*z**3/3 + z**2 - z. What is the units digit of f(x)?
2
Let l = -6 + 8. Suppose -m - 4*m - 24 = -l*z, 0 = 2*m - z + 9. Let i = 1 - m. What is the units digit of i?
7
Let i(f) = 50*f**2 + f. Let q be i(-1). Let n = q + -15. What is the units digit of n?
4
Let o = 67 - 63. What is the units digit of o?
4
Suppose -2*s - 63 = -3*w, 0 = 2*w - 3*s - 35 - 7. Suppose 5*l = 2*l + w. What is the units digit of l?
7
Suppose n + 5 = 2*n. What is the units digit of n?
5
Suppose m + 2 = -3. Suppose 0 = -3*j - p + 41, -2*j + p - 15 = -3*j. Let l = j + m. What is the units digit of l?
8
Let t be ((-184)/(-6))/(4/12). Suppose -y = -4*d + t, 4*y + 0*y - 16 = 0. What is the units digit of d?
4
Let k = 141 + -127. What is the units digit of k?
4
Suppose -293 = -4*c + 271. What is the tens digit of c?
4
Let n(f) = -14*f - 3. Let r(a) = 15*a + 4. Let b(l) = 6*n(l) + 5*r(l). What is the tens digit of b(-2)?
2
Let v be 7 + 83 - (2 - 1). Suppose 5*t - 41 = v. What is the units digit of t?
6
Let m(f) = -f + 8. What is the tens digit of m(-6)?
1
Let z = 50 - 34. What is the units digit of z?
6
Let v(o) = 3*o**2 - 5*o - 4. Let x be v(-4). Suppose 0 = -0*i - 4*i + x. Suppose -m = m - i. What is the units digit of m?
8
Suppose 4*v - a - 21 = 0, -5*a - 41 = -3*v - v. Suppose p + 23 - 91 = 0. Suppose o - 2*r = 6*o - p, -4 = v*r. What is the tens digit of o?
1
Let h be 4/14 - (-166)/7. Suppose 3*v = h - 3. Let o = v - 4. What is the units digit of o?
3
Suppose -3*h = 5*o + 8, o = -h - 0 - 2. Let y(d) be the third derivative of -d**6/15 - d**5/30 - d**4/24 + d**2. What is the units digit of y(o)?
7
Let r(y) = y**3 + 1 + y - 6*y**2 - 3*y + 5*y**2. What is the units digit of r(2)?
1
Let j(m) = m**3 - 5*m**2 + 3*m - 5. Suppose 2*t + t - 6 = 0. Suppose -4*i + 3*n + 29 = 0, 2*n - 7*n - 25 = -t*i. What is the units digit of j(i)?
0
Let w(b) = b**2 - 5*b + 3. Let j be w(7). Suppose -2*q + j = 7. Suppose -q*a - 1 = -91. What is the units digit of a?
8
What is the tens digit of 191/7 - (-8)/(-28)?
2
Suppose -2*h = -s - 2*s - 81, -5*h - 5*s + 265 = 0. Suppose 4 = 2*d - 4*i, 4*d + 4*i - 2*i = h. Let o = d + -3. What is the units digit of o?
7
Let n(j) = -5*j. Let r be n(-1). Suppose -r*d = -d - 4. What is the units digit of d?
1
Let q = 18 - 17. Let a(p) = 48*p**3 + 2*p**2 + p - 2. What is the tens digit of a(q)?
4
Let l = -4 + 8. Suppose -l = -3*i + i. Suppose s = -5*n + 18, i*s - n + 18 = 7*s. What is the units digit of s?
3
What is the units digit of (0 - 3)/((-9)/228 - 0)?
6
Let z(i) = i + 3*i - 3 + i. Let t be (4/(-10))/(-1 - 4/(-5)). What is the units digit of z(t)?
7
Suppose -5*n + 22 = -3. What is the units digit of n?
5
Suppose -r = -5*r + s + 17, 2*s = -3*r + 21. Let l(g) = g**3 + 8*g**2 + 7*g - 3. Let f be l(-7). Let h = r - f. What is the units digit of h?
8
Suppose u = -0*u + 1. Let t = 2 - 6. Let o = u - t. What is the units digit of o?
5
Let i be 18/4*-2 - 1. What is the units digit of i/25*-5*2?
4
Let l = 3 - 1. Let w = 6 - l. Suppose 4 = w*c - 4. What is the units digit of c?
2
Let v = 6 - -61. What is the units digit of v?
7
Suppose 110 + 385 = 5*p. What is the units digit of p?
9
Let y(o) = o**3 + 3*o**2 - 5*o + 1. Let j be y(-4). What is the units digit of -3*j*6/(-10)?
9
Let x(d) = 61*d**2 - 2*d. What is the tens digit of x(1)?
5
Let u be (-35 + 3)/2*-1. What is the tens digit of (-1)/((-4)/u)*6?
2
Suppose -4*i + 344 = 4*k - 2*i, 0 = -5*i + 20. What is the tens digit of k?
8
Let c = 14 + -5. Let s = 3 + c. What is the units digit of s?
2
Let q(j) = j**3 - 7*j**2 + 2*j - 10. Let w be q(7). Let s(p) = -6*p - 5*p**2 + 2 + w*p**2 + 7. What is the units digit of s(-7)?
2
Let u = 14 - 12. What is the tens digit of (-3 - 3)*(-4)/u?
1
Let k = -878 - -1299. What is the units digit of k?
1
Let f = 25 + -13. Let n = -7 + f. Suppose n*t - 8 = -5*w + t, -14 = -5*w - 2*t. What is the units digit of w?
4
Suppose -4*o + 5 + 7 = 0. Suppose -4*z + r = -22, 0 = o*z - 2*z + 5*r + 5. Suppose p = z*i - 63, -i - 5*p + 4 + 19 = 0. What is the tens digit of i?
1
Let x(t) = t**2 + 6*t + 12. Let v(s) = -3*s**2 - 17*s - 37. Let n(q) = 2*v(q) + 7*x(q). What is the units digit of n(-8)?
0
Let f(g) = -56*g**3 + 1. Let y be 